4).
-5
Let h(u) = -4*u. Suppose -3*i = -5*n - 7*i + 10, -5 = -5*n - 3*i. Give h(n).
8
Let w(d) = -d - 1. Let y = -6 + 3. Let i be w(y). Let f(v) = -3 - 2*v + 6*v - 2*v. Give f(i).
1
Let i(w) be the second derivative of w**5/20 - w**4/2 + 4*w**3/3 - 3*w**2 + 2*w. Suppose -5*k = -2*k - 9. Suppose -7 = -k*j + 8. Give i(j).
9
Let p(z) be the first derivative of z**5/12 + z**3/6 + 3*z**2/2 - 5. Let y(n) be the second derivative of p(n). Let s = 0 + 1. What is y(s)?
6
Let c(q) = 2*q**3 - 3*q**2 - 8*q. Let k(v) = -3*v**3 + 7*v**2 + 15*v. Let l(a) = 5*c(a) + 3*k(a). Suppose 10 = 2*g - 4*g. Determine l(g).
0
Let t(v) = 2*v**3 + 2*v**2 + v. Let y(m) be the second derivative of m**3/6 + 3*m**2/2 + m. Let h be y(-4). Determine t(h).
-1
Let u(r) = 4 - r**2 - 2 + 2*r**3 + 5*r**2 - 3 + 2*r. Suppose 2*z = 2*j - 8, -j = z + 4*j - 8. Calculate u(z).
-5
Let j(u) = u**3 - 2*u**2 - 3*u - 1. Suppose -21*o + 33 = -10*o. Calculate j(o).
-1
Let a be (-5)/(4/20 + 12/(-10)). Let q(b) = b**3 - 6*b**2 + 3*b + 4. What is q(a)?
-6
Suppose 30 - 10 = 4*v. Let b(p) = -p**3 + 6*p**2 - 4*p - 1. What is b(v)?
4
Let c(t) = t**3 + 9*t**2 - 3. Let w(v) = 9*v**3 - v**2 - v. Let h be w(-1). Determine c(h).
-3
Let c(g) = -2*g - 2. Let y = 43 + -41. Calculate c(y).
-6
Let p(b) be the first derivative of b - 1/2*b**2 + 3 - 1/3*b**3 - b**4. Give p(1).
-5
Let j(g) = -g - 3. Let s(c) = 2*c - 31. Let n be s(12). Determine j(n).
4
Let c(p) = -2*p**2 + 5*p**2 - 6*p**2 - 4*p**2. Let t(r) = -r + 4. Let k = 3 - 0. Let y be t(k). What is c(y)?
-7
Let t be 4*(100/(-16) + 5). Let m(g) = -4*g - 4. What is m(t)?
16
Let b(l) = 2*l - 1. Let w be (2/4 + -1)*-12. What is b(w)?
11
Let h = -3 + 10. Let o(f) = -f**2 + 6*f - 2. Determine o(h).
-9
Let a(f) = f. Let l = 9 - 15. Let h = -10 - l. Let s be h/3 + 2/6. Determine a(s).
-1
Let x(d) = 9*d**2 - 4*d - 5. Let o(s) = 18*s**2 - 7*s - 9. Let f(l) = 6*o(l) - 11*x(l). Calculate f(-1).
8
Let g(r) be the third derivative of -1/60*r**5 - 7*r**2 + 0*r + 1/3*r**4 - 5/6*r**3 + 0. Give g(5).
10
Suppose 5*s - 5 = -5*n + s, -3*n - 3*s = 0. Let u(w) = n - 4 + w + 2 - w**2 - 2. Give u(2).
-1
Let v(c) = c**2 + 2*c - 3. Let m(i) = i**2 + 5*i + 5. Let y be m(-5). Suppose -y*o = 9 + 11. Let k be o - (1 - 4)/3. Calculate v(k).
0
Let q(k) = -5*k**2 + 5*k. Let r(h) be the first derivative of -4/3*h**3 + h + 2*h**2 + 2. Let j(c) = 3*q(c) - 4*r(c). Determine j(3).
2
Let h(w) = -9*w - 1. Let i(f) = -5*f. Let q = -34 + -16. Let u be (-1)/6 - q/12. Let s(v) = u*h(v) - 7*i(v). Determine s(-4).
0
Let k = 0 - 2. Let a = k + 4. Let u(o) = a*o + 3*o**2 + 0 - 4*o**2 + 1. Calculate u(-1).
-2
Let o(x) = -x - 1. Let v be o(-4). Let h(t) = 2*t**2 - 6*t**2 - t + t - v*t - 1. Give h(-2).
-11
Let q(h) = -h**3 - h**2 - h - 6. Let t(v) = -v**3 + 6*v**2 + v - 6. Let n be t(6). What is q(n)?
-6
Let a(m) = -3*m**2 + 3*m - 3. Let x(r) = r**3 + r**2 + 2. Suppose 0 = y + 3*y. Let o be x(y). Determine a(o).
-9
Let a(x) be the second derivative of -x**4/12 + 2*x**3/3 - 3*x**2/2 - 2*x. Determine a(4).
-3
Let o(u) = -u - 3. Let i be o(-8). Let f(w) = w + 1. What is f(i)?
6
Let n(r) = 4 + 130*r**3 - 3 - 127*r**3. Calculate n(1).
4
Let g(u) = 2*u**3 - 4*u**2 + 4*u + 6. Let j(x) = x**3 - x. Let r = 0 - -1. Let f be ((-15)/(-20))/(2/(-8)). Let a(c) = f*j(c) + r*g(c). What is a(-5)?
-4
Suppose 5*w + 5*v = v - 102, 3*w = 4*v - 42. Let b be 3/w - (-1)/6. Let d(s) = -2 + 0*s + 0*s - s. What is d(b)?
-2
Let r(m) = -8*m**3. Let q(l) be the second derivative of 5*l**3/3 + l**2/2 - l. Let z be q(2). Suppose 4*h + h - z = f, -4*f - 24 = -5*h. Calculate r(f).
8
Let z(f) = -f - 6. Let a(j) = 6*j - 30. Let t be a(6). Calculate z(t).
-12
Let r = 10 - 8. Let n(s) = -7 + 3*s**r - 4*s**2 - s + 2*s**2. Calculate n(0).
-7
Suppose 3*i = -7*p + 2*p + 7, 4*p - 44 = 4*i. Let t(x) = 2*x + 8. Determine t(i).
-4
Let x(c) be the second derivative of -3*c**5/10 - c**4/12 - c. Let j = 124 - 125. Determine x(j).
5
Let x(d) = -5*d**2 - 3*d - 1. Let b = 31 + -17. Let w = -16 + b. Calculate x(w).
-15
Suppose 6*f - 7*f = f. Let d(j) be the third derivative of 0*j + j**2 + f + 7/6*j**3 + 1/24*j**4. What is d(-4)?
3
Let c(o) be the second derivative of o**3/3 + o**2/2 - 2*o. Let t(h) = 3*h - 1. Let f be t(1). Suppose -2*i + 4 = -f. What is c(i)?
7
Let l(v) = 9*v. Let z be (-4)/6 + 1 + 2/3. Calculate l(z).
9
Let q be 0/(24/(-3) + 4). Let d(m) = -m**3 + m**2 + m - 6. Determine d(q).
-6
Let n(a) = a + 5. Let r be n(-7). Let m(g) = g**2 - 3*g**2 + 2*g - 1 + 3*g**2. Calculate m(r).
-1
Let z be (-4)/6 + 5/3. Let i be (-5)/z*(2 + -1). Let l(x) = x + 5. Determine l(i).
0
Let n(t) = t**3 + 4*t**2 + t + 5. Let b(d) = -d**2 - 13*d - 4. Let s be b(-13). Calculate n(s).
1
Let h(r) = -r. Let g be h(-6). Let m(s) = 2*s - s - 5 + 3 + 0. What is m(g)?
4
Let c be 3 + -12*9/((-108)/(-8)). Let u(t) = -3*t. Give u(c).
15
Let q(c) = 1. Let z(p) = -6*p + 2. Let w(o) = -q(o) + z(o). Suppose 0 = -5*m + 4*g - 15, -2*m - 2*g = 3*m - 15. Calculate w(m).
-5
Let h(m) be the first derivative of 2*m**2 + 1/12*m**4 - 2 - 5/6*m**3 + 2*m. Let s(d) be the first derivative of h(d). What is s(4)?
0
Let q(f) = -f**3 - f**2. Let x(j) = 4*j**3 + 11*j**2 - 5. Let h(w) = -5*q(w) - x(w). Give h(6).
5
Let c(h) = 11*h - 7. Let k(o) = -7*o + 5. Let r = 27 - 19. Let x(w) = r*k(w) + 5*c(w). Calculate x(6).
-1
Let c(f) = -f. Let r = -10 - -6. Let u = 0 + 1. Let d(a) = -a**3 + 4*a**2 - 2*a - 3. Let o(m) = r*c(m) + u*d(m). What is o(4)?
5
Let a = 25 - 13. Let g be 2/8 + 33/a. Let p(i) = -g*i**2 - 3*i + 7*i - 6 + 2*i**2 + 0*i**2. Give p(4).
-6
Let b(x) be the first derivative of -5/2*x**2 - 4 - 2*x - 1/3*x**3. Determine b(-5).
-2
Suppose 5*n = 4*x + 457 - 47, -4*x - 416 = -2*n. Let m be 14/x + (-88)/15. Let t(i) = -i - 4. Calculate t(m).
2
Let w(s) = s + 1. Let y(p) = 6*p + 13. Let o(h) = 5*w(h) - y(h). What is o(-6)?
-2
Let k = -29 - -28. Let t(d) = -5*d**3 + 2*d**2 + 2*d + 1. Give t(k).
6
Let l(p) = p + 1. Let w(b) = -b + 7. Let t(v) = 6*l(v) - w(v). What is t(1)?
6
Let v(l) = -2*l + 3. Let o(c) be the third derivative of c**4/24 - c**3/2 + 3*c**2. Let z(u) = -4*o(u) - 3*v(u). Suppose 5*r + 10 = -0. Determine z(r).
-1
Let n(l) = 0*l**2 + l + l + l**2. Let a(v) = 3 - 4*v**2 - v - v**3 - 6*v**2 + 6*v**2. Let m be a(-3). Give n(m).
3
Let r(w) = -1. Let o(s) = s + 3. Let i(l) = -o(l) + 4*r(l). Give i(-6).
-1
Let y = -1 + 9. Suppose -y*f = -6*f + 10. Let k(h) = h + 4. Determine k(f).
-1
Let n(w) = w - 3. Suppose -f + 2*f = 2. Suppose -j = f*j. Calculate n(j).
-3
Let i(a) = -a**2 + a + 1. Let k = -1 - 0. Let b(q) = -3*q**2 - 4*q - 3. Let w be ((-6)/12)/(2/8). Let y(v) = k*b(v) + w*i(v). What is y(-1)?
4
Let a(d) = -9*d - 1. Suppose -5*s = 2 - 7. Calculate a(s).
-10
Suppose 3*k + 24 = 6*k. Let y = k + -5. Let t(b) = b + 4. Give t(y).
7
Let w be -5 - (0 + -3 - -2). Let g = 8 + w. Suppose -n + 6*n - g*m - 8 = 0, -4*m = n - 16. Let h(z) = z**2 - 3*z - 1. What is h(n)?
3
Let q = 20 - 13. Let k(v) = -v**3 - q*v - 4 + 9*v - 2*v**2 + 0*v**2. Suppose 4*w = 5*r - 5, -r = 3*r - 3*w - 3. Determine k(r).
-1
Let m(l) = -l**2 + 23*l + 31. Let r be m(24). Let q(b) = b - 2. Determine q(r).
5
Let o be -8 + (4 + -2 - 0). Let c(f) be the first derivative of f**3/3 + 7*f**2/2 - f - 16. Calculate c(o).
-7
Let w(h) = h + 1. Let i(f) = 3*f - 5. Let r(b) = i(b) + 4*w(b). Let o(n) = n + 6. Let t be o(-5). Give r(t).
6
Let d be 68/(-10) + (-8)/(-10). Let u(g) = -g**3 - 6*g**2 - g - 6. Determine u(d).
0
Let c = -1 - -3. Let p(w) = 2*w**2 + 3*w - 1. Let y(r) = -5*r**2 - 8*r + 3. Let t(s) = -8*p(s) - 3*y(s). Give t(c).
-5
Let y(o) = -o**2 - o + 5. Let b be y(0). Let a(h) = h**3 - 5*h**2 + h - 1. Determine a(b).
4
Let q(t) = t**2 - 2*t - 1. Let y be q(3). Let s(p) = 2*p**2 - 3*p + 2. Give s(y).
4
Suppose -3*g - 5 = -11. Let s be ((-1)/g)/(2/4). Let k(h) = 8*h. What is k(s)?
-8
Let k(o) be the second derivative of -o**4/12 - 3*o**3/2 - 4*o**2 - 2*o. Suppose -3*p + 14*p + 66 = 0. Determine k(p).
10
Let t(o) = -o + 3. Let j be t(0). Suppose f + j = -2*f. Let b(y) = y**2 - y - 1. Determine b(f).
1
Suppose -15*d + 21*d - 12 = 0. Let c(w) = -w**3 + 3*w**2 - w. Determine c(d).
2
Let i(l) = 20*l**2 + 6*l - 2. Let b(h) = 7*h**2 + 2*h - 1. Let v(d) = 11*b(d) - 4*i(d). Give v(-2).
-11
Let j = -4 + 7. Suppose -12 = -3*y + 3*m - j, 0 = 3*y